a**2 - a**3 - 2*a - 3*a + 3*a**2. Suppose -6*m = -5*m - 3. Let q be y(m). Let s(h) = 2*h + 1. Calculate s(q).
-3
Let c(t) = t**2 - 8*t + 2. Let b be c(8). Let j(s) = -s**2 + 3*s - 2. Let u be j(b). Let w(o) = o**2 + 2. What is w(u)?
2
Let n(l) be the second derivative of l**6/720 - l**5/60 - l**4/12 + l. Let k(o) be the third derivative of n(o). Suppose 3*j - 2*j + 4 = 0. Determine k(j).
-6
Suppose 5 = j - 0*j. Let g(t) be the first derivative of 0*t + 5/2*t**2 + 4/3*t**3 - 3 - 1/4*t**4. What is g(j)?
0
Let z(i) be the third derivative of 1/24*i**4 + 0 - i**2 + 0*i - i**3. Calculate z(3).
-3
Suppose 2*v - v = 3. Let w(g) be the first derivative of -1 + 7*g - 1/4*g**4 + 5/3*g**v - 3/2*g**2. What is w(5)?
-8
Let b(c) be the second derivative of 0 - c**3 + 7/2*c**2 + 6*c + 1/12*c**4. What is b(5)?
2
Suppose 6*y - y = 5*j, -y = -3*j. Let g(i) = i - 4. Calculate g(y).
-4
Suppose 5*x - 4*d = -2*d + 18, 4*d + 12 = -2*x. Let l(v) = 4 + v - 25*v**2 + 3*v**3 + 24*v**x - 4. Give l(1).
3
Let d(x) = -4*x + 7. Let l(t) = -t + 2. Let g(b) = -2*d(b) + 9*l(b). What is g(3)?
1
Suppose g = -5*i + 5*g + 3, -i = 3*g - 12. Let n = 2 - 0. Let m(w) = -2*w + w - n + 0*w. What is m(i)?
-5
Let k(c) = 4*c + c - 1 - 10 - 4*c. Calculate k(6).
-5
Let b(r) = r**3 + 4*r**2 + 4*r. Let y be b(-1). Let d(g) be the third derivative of -g**5/10 - g**4/24 - g**3/6 - 2*g**2. Give d(y).
-6
Let s be (-6)/(-4)*(-2 + 4). Suppose 3*z + 2 - 11 = 0. Let k(r) = -2*r - z*r + 7 + 4*r. Give k(s).
4
Let k(c) = c**2 - 6*c + 4. Let q(g) = 5 + 4*g**2 - 7*g - g**2 - g**2. Let b(j) = 5*k(j) - 4*q(j). Calculate b(-2).
-8
Let q(w) be the third derivative of 0 + 1/12*w**4 + 4*w**2 + 0*w - 1/60*w**5 + 5/6*w**3. What is q(4)?
-3
Let q(u) = 1 + 4 - 2*u + u - 9. Determine q(-3).
-1
Let j(k) be the third derivative of -k**6/120 - k**5/60 + k**4/12 - k**3/6 - 3*k**2 - 5*k. Give j(-2).
-1
Let i = -96/5 + 577/30. Let p(w) be the third derivative of 0*w**4 - i*w**6 + 1/60*w**5 - 2*w**2 + 0*w - 1/6*w**3 + 0. Determine p(-1).
4
Let h(t) = -t**2 + t - 3. Let u = -16 - -18. Suppose u*z = -3*z. Calculate h(z).
-3
Let c(m) = -m**3 - 3*m**2 + 2*m - 2. Suppose 4*d + 3 - 17 = -5*u, 2*d + 4*u - 4 = 0. Let h = d - 9. Calculate c(h).
-8
Let z(m) = 5*m**3 + m**2 - 6*m - 9. Let u(h) = -14*h**3 - 2*h**2 + 18*h + 26. Let p(d) = 6*u(d) + 17*z(d). What is p(-4)?
-5
Let w be (-255)/(-75) + 4/(-10) + 0. Let j(s) be the third derivative of 2/3*s**w + 1/24*s**4 - 2*s**2 + 0 + 0*s. Give j(4).
8
Let o be (12 - -3)/(-5) - 1. Let k(x) = -2*x**3 + 1 - x**3 + 3*x**2 - 5*x + 4*x**3. Determine k(o).
5
Let n(g) = -g**2 + 5*g**2 + 2*g - 2*g**2 + 1. Suppose f - 16 = -14. Determine n(f).
13
Let l(c) be the third derivative of c**6/720 - c**5/60 + c**4/4 + 3*c**2. Let u(m) be the second derivative of l(m). Give u(3).
1
Let g(l) = -l - 6. Let y(s) = s + 3. Let x(m) = 3*g(m) + 5*y(m). Determine x(6).
9
Let h(d) = 7*d + 3 + 58*d**3 + 4 - 59*d**3 + 6*d**2. Give h(7).
7
Let o(i) = 4*i + 2. Let s(k) = -9*k - 4. Let h(g) = -7*o(g) - 3*s(g). Let x be (-3)/(-4) - 58/(-8). Suppose -3*l + 3*z = -x*l + 1, 5*l = z + 13. Calculate h(l).
-4
Let h(c) be the first derivative of 2*c**3/3 - 7*c**2/2 + c + 4. What is h(5)?
16
Let v be (1/(-1))/2 - (-22)/(-4). Let l(j) = -j**3 - 5*j**2 + 8*j + 7. What is l(v)?
-5
Let n be (-36)/8*(-4)/6. Let f be -2*(-3 + (-1 - -3)). Let c(v) = 3*v**2 - 2*v + 0*v**f + 2*v**3 - 3*v**3 - 1. What is c(n)?
-7
Let j(b) be the second derivative of -b**3/6 + b**2 + b. Let v be j(6). Let w(s) = s**2 + 5*s. Calculate w(v).
-4
Let n(u) = -2*u + 3*u + 1 + 4*u. Let i be ((-6)/4)/(3/(-6)). Suppose 0*t + i = -3*t. Calculate n(t).
-4
Let a = -20 + 15. Let n(c) be the second derivative of -1/2*c**4 + 0 + 5/2*c**2 - c - 5/6*c**3 - 1/20*c**5. What is n(a)?
5
Suppose 0 = -2*n + v + v + 24, -n = -3*v - 22. Let a(k) = -n*k + 13*k - 3 + 6 - k**2. Calculate a(6).
3
Let d be 2 + -8 + 4/2. Let u be 2/d + (-7)/(-2). Suppose k + u*r - 12 = 0, 0 = -4*k - k - 4*r + 27. Let c(t) = t - 2. Determine c(k).
1
Suppose g = l - 1, 2*l + 3*g = -0*g + 17. Let m be -1 + 1 - (-4 + 1). Let r(t) = l + 2 + m*t + t**3 - 4 + t**2. Calculate r(-2).
-8
Suppose -60 = -4*c + 24. Let d be c/(-6) - (-2)/(-4). Let j = d + 1. Let p(k) = k**2 + k. What is p(j)?
6
Let s(g) be the first derivative of g**4/4 + 2*g**3 + 3*g**2 + 5*g + 36. Calculate s(-5).
0
Let h = 300 - 304. Let k(w) be the third derivative of -w**5/60 - w**4/4 - 5*w**3/6 - w**2. Give k(h).
3
Let z = 4 + -4. Let y(d) be the second derivative of d**5/60 - 3*d**3/2 - d**2/2 + d. Let c(f) be the first derivative of y(f). Determine c(z).
-9
Let h(u) = -u**3 - 4*u**2 - 4*u - 2. Suppose 5 = -0*j - 5*j. Let c be (-2 + j)*(-8)/(-12). Calculate h(c).
-2
Let h(u) = 3*u**2 + 2*u + 1. Let s be h(-1). Let a(o) be the third derivative of o**5/60 - o**4/24 - o**3/6 - o**2. Determine a(s).
1
Let i(g) = -1 + g + g - g. Let r = 27 - 41. Let p(w) = w**2 + 14*w + 2. Let y be p(r). What is i(y)?
1
Let t(q) = 2*q - 3. Let g = 0 + 1. Let s be g + (1 - 0) - -3. Give t(s).
7
Let y(q) = 4*q**2 + q. Let n(g) = g**2 + 7*g - 10. Let o be n(-8). Let t be 30/9 - 2/6. Let a = o + t. Give y(a).
5
Let s(u) = -u + 1. Let r = -8 - -8. Let q = r + 0. Determine s(q).
1
Suppose -l - 13 = -2*l. Let m = l + -17. Let f(y) = -y - 3. Determine f(m).
1
Let r be 19/4 - 7/(-28). Suppose 12 + 13 = r*a. Let v(t) = -4*t - 5. Let k(z) = -5*z - 5. Let x(j) = 6*k(j) - 7*v(j). Give x(a).
-5
Let t(v) = -v**3 + 4*v**2 + 6*v + 1. Let m(y) = -y. Let d be m(1). Let b = d + -1. Let q be (-4)/b + -5 + 8. Calculate t(q).
6
Let u(l) = 5*l - 5*l**2 + 2 + l**3 - 2*l - 9 + 0. Suppose 5*a + 100 = 10. Let k be 4/a + (-141)/(-27). What is u(k)?
8
Suppose 4*z - 13*z = 0. Let l(g) be the second derivative of z + g + 1/3*g**3 + g**2 + 1/12*g**4. What is l(-4)?
10
Let i(m) be the first derivative of -m**2 + 2*m + 6. Calculate i(2).
-2
Let b be 0/(-11)*(1 - (-3)/(-2)). Let u(x) = -x**2 - x - 8. Determine u(b).
-8
Suppose -2*g = -4*g. Let q be g*(2 - 3) + -4. Let z(y) = -y**3 - 4*y**2 - 3. Determine z(q).
-3
Let w(v) = -v**2 + v + 1. Let x be w(-1). Let s be -12*(x - 1/(-2)). Let n(m) = -s*m + 2*m + 1 + 5*m. Determine n(4).
5
Let l be (-2)/5 - (-104)/10. Let i be -2*(0 - (6 + 1))*1. Let z = i - l. Let y(k) = k**2 - 6*k + 6. Determine y(z).
-2
Let j(m) be the third derivative of m**6/120 - m**5/60 + m**4/24 - m**3/3 + 5*m**2. Let x = -5 + 0. Let b(n) = n**2 + 4*n - 5. Let w be b(x). What is j(w)?
-2
Let k(p) = -p**3 - 2*p**2 + 5*p + 0*p**3 - 5 + 4 - p. Determine k(-3).
-4
Let x(v) = -v**2 + 4*v. Let m be (2 - -2)*(-6)/(-4). Suppose -4*a = -a - m. Suppose -l + 6 = a. What is x(l)?
0
Let d(l) = -l**2 + 4. Let n be 6/(-21) + 2/7. Suppose n = 4*k - 0*k. Give d(k).
4
Let v(j) be the third derivative of j**4/24 + 5*j**3/6 + 7*j**2. Determine v(0).
5
Let h(v) = 2 - 5 + 2*v**2 - 3*v + 1 - 2. Determine h(4).
16
Let b(s) = -4*s - 2*s - s**2 + 6 + 1 + 2*s. Determine b(-5).
2
Let p be (5 - 3) + 1 + -2. Let o = 1 + p. Let b(s) = 5*s**2 + 6 + 0*s**2 - 6*s**o. What is b(0)?
6
Let p = 14 - 16. Let a be (-8)/((-2)/(p - -1)). Let m(f) = -f**2 - 3*f - 2. Calculate m(a).
-6
Suppose 4*u - 3 = 5. Suppose 3*r + 2 = -v + 4*r, 5*v + u*r = 18. Let s(t) = -t**2. Determine s(v).
-4
Let j(w) = -4 + 16 + 7 - 2 - w. Give j(0).
17
Let a(t) = 2*t + 6. Let r be 16/2*(-3)/(-6). Suppose -i - r*p + 0 = -4, -i + 24 = -p. Suppose -f = 3*f + i. What is a(f)?
-4
Let p(h) be the first derivative of h**4/2 - h**3/3 - 3*h**2/2 + 3*h + 10. Let f = 4 + -2. Determine p(f).
9
Suppose k = 0, -k = -2*p - 6*k + 2. Let w(g) be the second derivative of -g**3/6 - g. Determine w(p).
-1
Let x(a) = -4*a - 5. Let g be 5/(-4*1/(-4)). Let w(q) = 7*q + 10. Let o(k) = g*x(k) + 3*w(k). Let u = -4 + 8. Determine o(u).
9
Let k(y) be the first derivative of 2/3*y**3 - y - 1/2*y**4 + 0*y**2 + 3. Give k(2).
-9
Let o(c) = c**2 - 5*c - 1. Let x be o(3). Let s(d) = -d - 3. Determine s(x).
4
Let z be -2*(30/(-4))/3. Let q(k) = 0*k**2 - 7 - 2*k**2 + z + k**2 - 5*k. Calculate q(-5).
-2
Let d(z) be the third derivative of -z**2 - 1/120*z**6 + 0*z + 1/12*z**5 + z**3 + 0*z**4 + 0. Calculate d(5).
6
Let t(p) = p**2 - 7*p + 5 + p**2 - p**2. Let j(u) = u**2 + u - 1. Suppose 5*c = -d + 6, c = -0*c + 2*d + 10. Let x be j(c). Give t(x).
-5
Let z(q) = q**2 + q - 4. Let u(s) 